dred millions digit of 757204833?
7
What is the hundreds digit of 478326266?
2
What is the units digit of 34480267?
7
What is the thousands digit of 133643257?
3
What is the ten thousands digit of 62745380?
4
What is the hundred thousands digit of 207753070?
7
What is the units digit of 428395006?
6
What is the hundreds digit of 90606820?
8
What is the hundreds digit of 90148279?
2
What is the billions digit of 8444568789?
8
What is the units digit of 4690089768?
8
What is the hundred thousands digit of 201992471?
9
What is the thousands digit of 6276093945?
3
What is the units digit of 4542584604?
4
What is the units digit of 61118621?
1
What is the thousands digit of 3584610599?
0
What is the hundred thousands digit of 138811246?
8
What is the tens digit of 30378237?
3
What is the hundred thousands digit of 2540005612?
0
What is the hundred thousands digit of 91341616?
3
What is the units digit of 1109467379?
9
What is the units digit of 401844604?
4
What is the millions digit of 465015716?
5
What is the hundred millions digit of 377959671?
3
What is the ten thousands digit of 1133976739?
7
What is the ten millions digit of 169829095?
6
What is the units digit of 326936881?
1
What is the tens digit of 30215329?
2
What is the thousands digit of 106912739?
2
What is the ten millions digit of 99597846?
9
What is the tens digit of 49056339?
3
What is the hundred millions digit of 360533912?
3
What is the tens digit of 2780100493?
9
What is the thousands digit of 50511305?
1
What is the tens digit of 39218276?
7
What is the millions digit of 43525475?
3
What is the hundreds digit of 279139583?
5
What is the hundred millions digit of 197468298?
1
What is the hundreds digit of 44736726?
7
What is the hundreds digit of 126131805?
8
What is the hundred millions digit of 1543805493?
5
What is the hundred thousands digit of 4784687639?
6
What is the hundreds digit of 155226149?
1
What is the hundred thousands digit of 297859366?
8
What is the hundred thousands digit of 4305341124?
3
What is the billions digit of 1729797192?
1
What is the hundred thousands digit of 1708897385?
8
What is the tens digit of 860603282?
8
What is the hundred millions digit of 3216451047?
2
What is the hundreds digit of 35397868?
8
What is the hundred thousands digit of 343298209?
2
What is the hundreds digit of 15228469?
4
What is the units digit of 19519619?
9
What is the millions digit of 171986244?
1
What is the thousands digit of 44357959?
7
What is the millions digit of 98141862?
8
What is the billions digit of 1057916922?
1
What is the ten thousands digit of 19721113?
2
What is the units digit of 7978278958?
8
What is the thousands digit of 18303690?
3
What is the hundreds digit of 874367622?
6
What is the millions digit of 425406337?
5
What is the hundred thousands digit of 152589515?
5
What is the hundreds digit of 75917972?
9
What is the hundreds digit of 701263372?
3
What is the units digit of 785478137?
7
What is the thousands digit of 105651785?
1
What is the hundreds digit of 166010656?
6
What is the tens digit of 3581237264?
6
What is the ten thousands digit of 5939693209?
9
What is the units digit of 2649825648?
8
What is the ten thousands digit of 1472674669?
7
What is the ten thousands digit of 92537957?
3
What is the billions digit of 1215895678?
1
What is the units digit of 39265985?
5
What is the hundred thousands digit of 4268300?
2
What is the hundreds digit of 161824167?
1
What is the millions digit of 1893591693?
3
What is the thousands digit of 631014221?
4
What is the ten millions digit of 87520636?
8
What is the millions digit of 222580943?
2
What is the billions digit of 1542687869?
1
What is the units digit of 8211473446?
6
What is the billions digit of 2134168749?
2
What is the units digit of 41940622?
2
What is the thousands digit of 72566138?
6
What is the ten millions digit of 17787211?
1
What is the thousands digit of 2140430816?
0
What is the hundreds digit of 333718658?
6
What is the hundred thousands digit of 3498925831?
9
What is the hundreds digit of 2026709969?
9
What is the ten thousands digit of 300558682?
5
What is the ten millions digit of 2054497057?
5
What is the units digit of 62644026?
6
What is the tens digit of 1738224607?
0
What is the units digit of 25192563?
3
What is the tens digit of 631526326?
2
What is the tens digit of 38664702?
0
What is the hundred thousands digit of 1108272163?
2
What is the units digit of 2208552554?
4
What is the hundreds digit of 1753313637?
6
What is the ten thousands digit of 4126617303?
1
What is the thousands digit of 552981304?
1
What is the hundreds digit of 230828124?
1
What is the hundred millions digit of 488712388?
4
What is the ten thousands digit of 195956174?
5
What is the thousands digit of 59034108?
4
What is the units digit of 66742048?
8
What is the hundreds digit of 44840850?
8
What is the ten millions digit of 123746677?
2
What is the thousands digit of 502026151?
6
What is the ten thousands digit of 2811121616?
2
What is the tens digit of 115311360?
6
What is the hundred thousands digit of 7171684797?
6
What is the hundred thousands digit of 4008740103?
7
What is the hundreds digit of 981557534?
5
What is the millions digit of 46472384?
6
What is the tens digit of 1486215465?
6
What is the ten thousands digit of 1508398092?
9
What is the millions digit of 1379515?
1
What is the thousands digit of 8293402?
3
What is the tens digit of 223909202?
0
What is the thousands digit of 77282971?
2
What is the millions digit of 462577098?
2
What is the ten thousands digit of 48063218?
6
What is the ten thousands digit of 149304032?
0
What is the millions digit of 340448370?
0
What is the hundred thousands digit of 101236866?
2
What is the ten thousands digit of 436948925?
4
What is the ten millions digit of 4385476534?
8
What is the millions digit of 179852245?
9
What is the tens digit of 4412190002?
0
What is the millions digit of 94281753?
4
What is the hundred millions digit of 1754028094?
7
What is the ten thousands digit of 15207795?
0
What is the hundreds digit of 862014593?
5
What is the units digit of 13780990?
0
What is the units digit of 2035884545?
5
What is the tens digit of 1301046530?
3
What is the thousands digit of 27708705?
8
What is the tens digit of 803786817?
1
What is the ten thousands digit of 927899405?
9
What is the units digit of 2401933492?
2
What is the millions digit of 33492095?
3
What is the tens digit of 5653396605?
0
What is the tens digit of 93853771?
7
What is the hundreds digit of 1948386702?
7
What is the hundreds digit of 152791036?
0
What is the hundreds digit of 841562305?
3
What is the tens digit of 1637135?
3
What is the thousands digit of 205535652?
5
What is the thousands digit of 72613776?
3
What is the thousands digit of 341803812?
3
What is the units digit of 210210384?
4
What is the hundred thousands digit of 935373161?
3
What is the hundreds digit of 270142298?
2
What is the hundred thousands digit of 1884140263?
1
What is the units digit of 318820151?
1
What is the millions digit of 127032151?
7
What is the ten thousands digit of 35358000?
5
What is the tens digit of 22153233?
3
What is the hundred thousands digit of 1463806335?
8
What is the millions digit of 156685546?
6
What is the ten thousands digit of 1768225051?
2
What is the tens digit of 361373017?
1
What is the thousands digit of 1038333155?
3
What is the millions digit of 425715485?
5
What is the units digit of 21257820?
0
What is the ten thousands digit of 6771166514?
6
What is the hundred millions digit of 284218543?
2
What is the hundreds digit of 91839234?
2
What is the hundred thousands digit of 44903875?
9
What is the thousands digit of 203671633?
1
What is the millions digit of 87426983?
7
What is the ten thousands digit of 241784036?
8
What is the units digit of 410046413?
3
What is the hundreds digit of 55285576?
5
What is the millions digit of 15730870?
5
What is the thousands digit of 515956045?
6
What is the hundred millions digit of 1608156119?
6
What is the ten thousands digit of 90885131?
8
What is the units digit of 1357875073?
3
What is the hundreds digit of 735436649?
6
What is the ten thousands digit of 3581633991?
3
What is the hundred thousands digit o